
	{"id":51197,"date":"2026-04-16T09:22:27","date_gmt":"2026-04-16T07:22:27","guid":{"rendered":"https:\/\/entrepueblos.org\/?post_type=agenda&#038;p=51197"},"modified":"2026-04-16T09:34:05","modified_gmt":"2026-04-16T07:34:05","slug":"presentacio-de-la-proposta-de-la-seguretat-social-de-lalimentacio-mercat-cultural-de-vallvidrera","status":"publish","type":"agenda","link":"https:\/\/entrepueblos.org\/ca\/agenda\/presentacio-de-la-proposta-de-la-seguretat-social-de-lalimentacio-mercat-cultural-de-vallvidrera\/","title":{"rendered":"Presentaci\u00f3 de la proposta de la Seguretat Social de l&#8217;Alimentaci\u00f3 (Mercat Cultural de Vallvidrera)"},"content":{"rendered":"\n<p>Els \u00faltims mesos comencem a sentir parlar de la necessitat d\u2019activar sistemes alimentaris p\u00fablics. Per reflexionar-hi, en aquest seminari web ens aproparem a la realitat de la manca de comer\u00e7 alimentari en pobles i ciutats, coneixerem l\u2019experi\u00e8ncia d\u2019una botiga aliment\u00e0ria municipal i, finalment, aprofundirem en la viabilitat de la proposta de la <strong>Seguretat Social de l\u2019Alimentaci\u00f3<\/strong> que, a partir de l\u2019expansi\u00f3 d\u2019aquestes noves formes de comer\u00e7 alimentari, treu l\u2019alimentaci\u00f3 dels mercats capitalistes i garanteix el dret a una alimentaci\u00f3 saludable, aix\u00ed com el dret a viure de produir aliments.<\/p>\n\n\n\n<p>Amb la <strong>presentaci\u00f3 a c\u00e0rrec de Gustavo Duch<\/strong><\/p>\n\n\n\n<figure class=\"wp-block-image size-large\"><img loading=\"lazy\" decoding=\"async\" width=\"723\" height=\"1024\" src=\"https:\/\/entrepueblos.org\/wp-content\/uploads\/2026\/04\/Mercat_cultural_de_Vallvidrera_22_abril-723x1024.jpg\" alt=\"\" class=\"wp-image-51198\" srcset=\"https:\/\/entrepueblos.org\/wp-content\/uploads\/2026\/04\/Mercat_cultural_de_Vallvidrera_22_abril-723x1024.jpg 723w, https:\/\/entrepueblos.org\/wp-content\/uploads\/2026\/04\/Mercat_cultural_de_Vallvidrera_22_abril-212x300.jpg 212w, https:\/\/entrepueblos.org\/wp-content\/uploads\/2026\/04\/Mercat_cultural_de_Vallvidrera_22_abril-768x1087.jpg 768w, https:\/\/entrepueblos.org\/wp-content\/uploads\/2026\/04\/Mercat_cultural_de_Vallvidrera_22_abril.jpg 904w\" sizes=\"auto, (max-width: 723px) 100vw, 723px\" \/><\/figure>\n","protected":false},"featured_media":51198,"template":"","meta":{"_acf_changed":false},"tematiques":[573],"territori":[576],"class_list":["post-51197","agenda","type-agenda","status-publish","has-post-thumbnail","hentry","tematiques-defensa-del-territori","territori-catalunya-ca"],"acf":[],"yoast_head":"<!-- This site is optimized with the Yoast SEO plugin v25.4 - https:\/\/yoast.com\/wordpress\/plugins\/seo\/ -->\n<title>Presentaci\u00f3 de la proposta de la Seguretat Social de l&#039;Alimentaci\u00f3 (Mercat Cultural de Vallvidrera) - Entrepobles<\/title>\n<meta name=\"robots\" content=\"index, follow, max-snippet:-1, max-image-preview:large, max-video-preview:-1\" \/>\n<link rel=\"canonical\" href=\"https:\/\/entrepueblos.org\/ca\/agenda\/presentacio-de-la-proposta-de-la-seguretat-social-de-lalimentacio-mercat-cultural-de-vallvidrera\/\" \/>\n<meta property=\"og:locale\" content=\"ca_ES\" \/>\n<meta property=\"og:type\" content=\"article\" \/>\n<meta property=\"og:title\" content=\"Presentaci\u00f3 de la proposta de la Seguretat Social de l&#039;Alimentaci\u00f3 (Mercat Cultural de Vallvidrera) - Entrepobles\" \/>\n<meta property=\"og:description\" content=\"Els \u00faltims mesos comencem a sentir parlar de la necessitat d\u2019activar sistemes alimentaris p\u00fablics. Per reflexionar-hi, en aquest seminari web ens aproparem a la realitat...\" \/>\n<meta property=\"og:url\" content=\"https:\/\/entrepueblos.org\/ca\/agenda\/presentacio-de-la-proposta-de-la-seguretat-social-de-lalimentacio-mercat-cultural-de-vallvidrera\/\" \/>\n<meta property=\"og:site_name\" content=\"Entrepobles\" \/>\n<meta property=\"article:modified_time\" content=\"2026-04-16T07:34:05+00:00\" \/>\n<meta property=\"og:image\" content=\"https:\/\/entrepueblos.org\/wp-content\/uploads\/2026\/04\/Mercat_cultural_de_Vallvidrera_22_abril.jpg\" \/>\n\t<meta property=\"og:image:width\" content=\"904\" \/>\n\t<meta property=\"og:image:height\" content=\"1280\" \/>\n\t<meta property=\"og:image:type\" content=\"image\/jpeg\" \/>\n<meta name=\"twitter:card\" content=\"summary_large_image\" \/>\n<meta name=\"twitter:label1\" content=\"Temps estimat de lectura\" \/>\n\t<meta name=\"twitter:data1\" content=\"1 minut\" \/>\n<script type=\"application\/ld+json\" class=\"yoast-schema-graph\">{\"@context\":\"https:\/\/schema.org\",\"@graph\":[{\"@type\":\"WebPage\",\"@id\":\"https:\/\/entrepueblos.org\/ca\/agenda\/presentacio-de-la-proposta-de-la-seguretat-social-de-lalimentacio-mercat-cultural-de-vallvidrera\/\",\"url\":\"https:\/\/entrepueblos.org\/ca\/agenda\/presentacio-de-la-proposta-de-la-seguretat-social-de-lalimentacio-mercat-cultural-de-vallvidrera\/\",\"name\":\"Presentaci\u00f3 de la proposta de la Seguretat Social de l'Alimentaci\u00f3 (Mercat Cultural de Vallvidrera) - Entrepobles\",\"isPartOf\":{\"@id\":\"https:\/\/entrepueblos.org\/ca\/#website\"},\"primaryImageOfPage\":{\"@id\":\"https:\/\/entrepueblos.org\/ca\/agenda\/presentacio-de-la-proposta-de-la-seguretat-social-de-lalimentacio-mercat-cultural-de-vallvidrera\/#primaryimage\"},\"image\":{\"@id\":\"https:\/\/entrepueblos.org\/ca\/agenda\/presentacio-de-la-proposta-de-la-seguretat-social-de-lalimentacio-mercat-cultural-de-vallvidrera\/#primaryimage\"},\"thumbnailUrl\":\"https:\/\/entrepueblos.org\/wp-content\/uploads\/2026\/04\/Mercat_cultural_de_Vallvidrera_22_abril.jpg\",\"datePublished\":\"2026-04-16T07:22:27+00:00\",\"dateModified\":\"2026-04-16T07:34:05+00:00\",\"breadcrumb\":{\"@id\":\"https:\/\/entrepueblos.org\/ca\/agenda\/presentacio-de-la-proposta-de-la-seguretat-social-de-lalimentacio-mercat-cultural-de-vallvidrera\/#breadcrumb\"},\"inLanguage\":\"ca\",\"potentialAction\":[{\"@type\":\"ReadAction\",\"target\":[\"https:\/\/entrepueblos.org\/ca\/agenda\/presentacio-de-la-proposta-de-la-seguretat-social-de-lalimentacio-mercat-cultural-de-vallvidrera\/\"]}]},{\"@type\":\"ImageObject\",\"inLanguage\":\"ca\",\"@id\":\"https:\/\/entrepueblos.org\/ca\/agenda\/presentacio-de-la-proposta-de-la-seguretat-social-de-lalimentacio-mercat-cultural-de-vallvidrera\/#primaryimage\",\"url\":\"https:\/\/entrepueblos.org\/wp-content\/uploads\/2026\/04\/Mercat_cultural_de_Vallvidrera_22_abril.jpg\",\"contentUrl\":\"https:\/\/entrepueblos.org\/wp-content\/uploads\/2026\/04\/Mercat_cultural_de_Vallvidrera_22_abril.jpg\",\"width\":904,\"height\":1280},{\"@type\":\"BreadcrumbList\",\"@id\":\"https:\/\/entrepueblos.org\/ca\/agenda\/presentacio-de-la-proposta-de-la-seguretat-social-de-lalimentacio-mercat-cultural-de-vallvidrera\/#breadcrumb\",\"itemListElement\":[{\"@type\":\"ListItem\",\"position\":1,\"name\":\"Portada\",\"item\":\"https:\/\/entrepueblos.org\/ca\/\"},{\"@type\":\"ListItem\",\"position\":2,\"name\":\"Presentaci\u00f3 de la proposta de la Seguretat Social de l&#8217;Alimentaci\u00f3 (Mercat Cultural de Vallvidrera)\"}]},{\"@type\":\"WebSite\",\"@id\":\"https:\/\/entrepueblos.org\/ca\/#website\",\"url\":\"https:\/\/entrepueblos.org\/ca\/\",\"name\":\"Entrepobles\",\"description\":\"\",\"publisher\":{\"@id\":\"https:\/\/entrepueblos.org\/ca\/#organization\"},\"potentialAction\":[{\"@type\":\"SearchAction\",\"target\":{\"@type\":\"EntryPoint\",\"urlTemplate\":\"https:\/\/entrepueblos.org\/ca\/?s={search_term_string}\"},\"query-input\":{\"@type\":\"PropertyValueSpecification\",\"valueRequired\":true,\"valueName\":\"search_term_string\"}}],\"inLanguage\":\"ca\"},{\"@type\":\"Organization\",\"@id\":\"https:\/\/entrepueblos.org\/ca\/#organization\",\"name\":\"Entrepobles\",\"url\":\"https:\/\/entrepueblos.org\/ca\/\",\"logo\":{\"@type\":\"ImageObject\",\"inLanguage\":\"ca\",\"@id\":\"https:\/\/entrepueblos.org\/ca\/#\/schema\/logo\/image\/\",\"url\":\"https:\/\/entrepueblos.org\/wp-content\/uploads\/2025\/01\/cropped-Group-14-2.png\",\"contentUrl\":\"https:\/\/entrepueblos.org\/wp-content\/uploads\/2025\/01\/cropped-Group-14-2.png\",\"width\":109,\"height\":80,\"caption\":\"Entrepobles\"},\"image\":{\"@id\":\"https:\/\/entrepueblos.org\/ca\/#\/schema\/logo\/image\/\"}}]}<\/script>\n<!-- \/ Yoast SEO plugin. -->","yoast_head_json":{"title":"Presentaci\u00f3 de la proposta de la Seguretat Social de l'Alimentaci\u00f3 (Mercat Cultural de Vallvidrera) - Entrepobles","robots":{"index":"index","follow":"follow","max-snippet":"max-snippet:-1","max-image-preview":"max-image-preview:large","max-video-preview":"max-video-preview:-1"},"canonical":"https:\/\/entrepueblos.org\/ca\/agenda\/presentacio-de-la-proposta-de-la-seguretat-social-de-lalimentacio-mercat-cultural-de-vallvidrera\/","og_locale":"ca_ES","og_type":"article","og_title":"Presentaci\u00f3 de la proposta de la Seguretat Social de l'Alimentaci\u00f3 (Mercat Cultural de Vallvidrera) - Entrepobles","og_description":"Els \u00faltims mesos comencem a sentir parlar de la necessitat d\u2019activar sistemes alimentaris p\u00fablics. Per reflexionar-hi, en aquest seminari web ens aproparem a la realitat...","og_url":"https:\/\/entrepueblos.org\/ca\/agenda\/presentacio-de-la-proposta-de-la-seguretat-social-de-lalimentacio-mercat-cultural-de-vallvidrera\/","og_site_name":"Entrepobles","article_modified_time":"2026-04-16T07:34:05+00:00","og_image":[{"width":904,"height":1280,"url":"https:\/\/entrepueblos.org\/wp-content\/uploads\/2026\/04\/Mercat_cultural_de_Vallvidrera_22_abril.jpg","type":"image\/jpeg"}],"twitter_card":"summary_large_image","twitter_misc":{"Temps estimat de lectura":"1 minut"},"schema":{"@context":"https:\/\/schema.org","@graph":[{"@type":"WebPage","@id":"https:\/\/entrepueblos.org\/ca\/agenda\/presentacio-de-la-proposta-de-la-seguretat-social-de-lalimentacio-mercat-cultural-de-vallvidrera\/","url":"https:\/\/entrepueblos.org\/ca\/agenda\/presentacio-de-la-proposta-de-la-seguretat-social-de-lalimentacio-mercat-cultural-de-vallvidrera\/","name":"Presentaci\u00f3 de la proposta de la Seguretat Social de l'Alimentaci\u00f3 (Mercat Cultural de Vallvidrera) - Entrepobles","isPartOf":{"@id":"https:\/\/entrepueblos.org\/ca\/#website"},"primaryImageOfPage":{"@id":"https:\/\/entrepueblos.org\/ca\/agenda\/presentacio-de-la-proposta-de-la-seguretat-social-de-lalimentacio-mercat-cultural-de-vallvidrera\/#primaryimage"},"image":{"@id":"https:\/\/entrepueblos.org\/ca\/agenda\/presentacio-de-la-proposta-de-la-seguretat-social-de-lalimentacio-mercat-cultural-de-vallvidrera\/#primaryimage"},"thumbnailUrl":"https:\/\/entrepueblos.org\/wp-content\/uploads\/2026\/04\/Mercat_cultural_de_Vallvidrera_22_abril.jpg","datePublished":"2026-04-16T07:22:27+00:00","dateModified":"2026-04-16T07:34:05+00:00","breadcrumb":{"@id":"https:\/\/entrepueblos.org\/ca\/agenda\/presentacio-de-la-proposta-de-la-seguretat-social-de-lalimentacio-mercat-cultural-de-vallvidrera\/#breadcrumb"},"inLanguage":"ca","potentialAction":[{"@type":"ReadAction","target":["https:\/\/entrepueblos.org\/ca\/agenda\/presentacio-de-la-proposta-de-la-seguretat-social-de-lalimentacio-mercat-cultural-de-vallvidrera\/"]}]},{"@type":"ImageObject","inLanguage":"ca","@id":"https:\/\/entrepueblos.org\/ca\/agenda\/presentacio-de-la-proposta-de-la-seguretat-social-de-lalimentacio-mercat-cultural-de-vallvidrera\/#primaryimage","url":"https:\/\/entrepueblos.org\/wp-content\/uploads\/2026\/04\/Mercat_cultural_de_Vallvidrera_22_abril.jpg","contentUrl":"https:\/\/entrepueblos.org\/wp-content\/uploads\/2026\/04\/Mercat_cultural_de_Vallvidrera_22_abril.jpg","width":904,"height":1280},{"@type":"BreadcrumbList","@id":"https:\/\/entrepueblos.org\/ca\/agenda\/presentacio-de-la-proposta-de-la-seguretat-social-de-lalimentacio-mercat-cultural-de-vallvidrera\/#breadcrumb","itemListElement":[{"@type":"ListItem","position":1,"name":"Portada","item":"https:\/\/entrepueblos.org\/ca\/"},{"@type":"ListItem","position":2,"name":"Presentaci\u00f3 de la proposta de la Seguretat Social de l&#8217;Alimentaci\u00f3 (Mercat Cultural de Vallvidrera)"}]},{"@type":"WebSite","@id":"https:\/\/entrepueblos.org\/ca\/#website","url":"https:\/\/entrepueblos.org\/ca\/","name":"Entrepobles","description":"","publisher":{"@id":"https:\/\/entrepueblos.org\/ca\/#organization"},"potentialAction":[{"@type":"SearchAction","target":{"@type":"EntryPoint","urlTemplate":"https:\/\/entrepueblos.org\/ca\/?s={search_term_string}"},"query-input":{"@type":"PropertyValueSpecification","valueRequired":true,"valueName":"search_term_string"}}],"inLanguage":"ca"},{"@type":"Organization","@id":"https:\/\/entrepueblos.org\/ca\/#organization","name":"Entrepobles","url":"https:\/\/entrepueblos.org\/ca\/","logo":{"@type":"ImageObject","inLanguage":"ca","@id":"https:\/\/entrepueblos.org\/ca\/#\/schema\/logo\/image\/","url":"https:\/\/entrepueblos.org\/wp-content\/uploads\/2025\/01\/cropped-Group-14-2.png","contentUrl":"https:\/\/entrepueblos.org\/wp-content\/uploads\/2025\/01\/cropped-Group-14-2.png","width":109,"height":80,"caption":"Entrepobles"},"image":{"@id":"https:\/\/entrepueblos.org\/ca\/#\/schema\/logo\/image\/"}}]}},"_links":{"self":[{"href":"https:\/\/entrepueblos.org\/ca\/wp-json\/wp\/v2\/agenda\/51197","targetHints":{"allow":["GET"]}}],"collection":[{"href":"https:\/\/entrepueblos.org\/ca\/wp-json\/wp\/v2\/agenda"}],"about":[{"href":"https:\/\/entrepueblos.org\/ca\/wp-json\/wp\/v2\/types\/agenda"}],"wp:featuredmedia":[{"embeddable":true,"href":"https:\/\/entrepueblos.org\/ca\/wp-json\/wp\/v2\/media\/51198"}],"wp:attachment":[{"href":"https:\/\/entrepueblos.org\/ca\/wp-json\/wp\/v2\/media?parent=51197"}],"wp:term":[{"taxonomy":"tematiques","embeddable":true,"href":"https:\/\/entrepueblos.org\/ca\/wp-json\/wp\/v2\/tematiques?post=51197"},{"taxonomy":"territori","embeddable":true,"href":"https:\/\/entrepueblos.org\/ca\/wp-json\/wp\/v2\/territori?post=51197"}],"curies":[{"name":"wp","href":"https:\/\/api.w.org\/{rel}","templated":true}]}}

Presentació de la proposta de la Seguretat Social de l&#8217;Alimentació (Mercat Cultural de Vallvidrera)

<p>Els últims mesos comencem a sentir parlar de la necessitat d’activar sistemes alimentaris públics. Per reflexionar-hi, en aquest seminari web ens aproparem a la realitat de la manca de comerç alimentari en pobles i ciutats, coneixerem l’experiència d’una botiga alimentària municipal i, finalment, aprofundirem en la viabilitat de la proposta de la <strong>Seguretat Social de l’Alimentació</strong> que, a partir de l’expansió d’aquestes noves formes de comerç alimentari, treu l’alimentació dels mercats capitalistes i garanteix el dret a una alimentació saludable, així com el dret a viure de produir aliments.</p>



<p>Amb la <strong>presentació a càrrec de Gustavo Duch</strong></p>



<figure class="wp-block-image size-large"><img loading="lazy" decoding="async" width="723" height="1024" src="https://entrepueblos.org/wp-content/uploads/2026/04/Mercat_cultural_de_Vallvidrera_22_abril-723x1024.jpg" alt="" class="wp-image-51198" srcset="https://entrepueblos.org/wp-content/uploads/2026/04/Mercat_cultural_de_Vallvidrera_22_abril-723x1024.jpg 723w, https://entrepueblos.org/wp-content/uploads/2026/04/Mercat_cultural_de_Vallvidrera_22_abril-212x300.jpg 212w, https://entrepueblos.org/wp-content/uploads/2026/04/Mercat_cultural_de_Vallvidrera_22_abril-768x1087.jpg 768w, https://entrepueblos.org/wp-content/uploads/2026/04/Mercat_cultural_de_Vallvidrera_22_abril.jpg 904w" sizes="auto, (max-width: 723px) 100vw, 723px" /></figure>

<!-- This site is optimized with the Yoast SEO plugin v25.4 - https://yoast.com/wordpress/plugins/seo/ -->
<title>Presentació de la proposta de la Seguretat Social de l&#039;Alimentació (Mercat Cultural de Vallvidrera) - Entrepobles</title>
<meta name="robots" content="index, follow, max-snippet:-1, max-image-preview:large, max-video-preview:-1" />
<link rel="canonical" href="https://entrepueblos.org/ca/agenda/presentacio-de-la-proposta-de-la-seguretat-social-de-lalimentacio-mercat-cultural-de-vallvidrera/" />
<meta property="og:locale" content="ca_ES" />
<meta property="og:type" content="article" />
<meta property="og:title" content="Presentació de la proposta de la Seguretat Social de l&#039;Alimentació (Mercat Cultural de Vallvidrera) - Entrepobles" />
<meta property="og:description" content="Els últims mesos comencem a sentir parlar de la necessitat d’activar sistemes alimentaris públics. Per reflexionar-hi, en aquest seminari web ens aproparem a la realitat..." />
<meta property="og:url" content="https://entrepueblos.org/ca/agenda/presentacio-de-la-proposta-de-la-seguretat-social-de-lalimentacio-mercat-cultural-de-vallvidrera/" />
<meta property="og:site_name" content="Entrepobles" />
<meta property="article:modified_time" content="2026-04-16T07:34:05+00:00" />
<meta property="og:image" content="https://entrepueblos.org/wp-content/uploads/2026/04/Mercat_cultural_de_Vallvidrera_22_abril.jpg" />
	<meta property="og:image:width" content="904" />
	<meta property="og:image:height" content="1280" />
	<meta property="og:image:type" content="image/jpeg" />
<meta name="twitter:card" content="summary_large_image" />
<meta name="twitter:label1" content="Temps estimat de lectura" />
	<meta name="twitter:data1" content="1 minut" />
<script type="application/ld+json" class="yoast-schema-graph">{"@context":"https://schema.org","@graph":[{"@type":"WebPage","@id":"https://entrepueblos.org/ca/agenda/presentacio-de-la-proposta-de-la-seguretat-social-de-lalimentacio-mercat-cultural-de-vallvidrera/","url":"https://entrepueblos.org/ca/agenda/presentacio-de-la-proposta-de-la-seguretat-social-de-lalimentacio-mercat-cultural-de-vallvidrera/","name":"Presentació de la proposta de la Seguretat Social de l'Alimentació (Mercat Cultural de Vallvidrera) - Entrepobles","isPartOf":{"@id":"https://entrepueblos.org/ca/#website"},"primaryImageOfPage":{"@id":"https://entrepueblos.org/ca/agenda/presentacio-de-la-proposta-de-la-seguretat-social-de-lalimentacio-mercat-cultural-de-vallvidrera/#primaryimage"},"image":{"@id":"https://entrepueblos.org/ca/agenda/presentacio-de-la-proposta-de-la-seguretat-social-de-lalimentacio-mercat-cultural-de-vallvidrera/#primaryimage"},"thumbnailUrl":"https://entrepueblos.org/wp-content/uploads/2026/04/Mercat_cultural_de_Vallvidrera_22_abril.jpg","datePublished":"2026-04-16T07:22:27+00:00","dateModified":"2026-04-16T07:34:05+00:00","breadcrumb":{"@id":"https://entrepueblos.org/ca/agenda/presentacio-de-la-proposta-de-la-seguretat-social-de-lalimentacio-mercat-cultural-de-vallvidrera/#breadcrumb"},"inLanguage":"ca","potentialAction":[{"@type":"ReadAction","target":["https://entrepueblos.org/ca/agenda/presentacio-de-la-proposta-de-la-seguretat-social-de-lalimentacio-mercat-cultural-de-vallvidrera/"]}]},{"@type":"ImageObject","inLanguage":"ca","@id":"https://entrepueblos.org/ca/agenda/presentacio-de-la-proposta-de-la-seguretat-social-de-lalimentacio-mercat-cultural-de-vallvidrera/#primaryimage","url":"https://entrepueblos.org/wp-content/uploads/2026/04/Mercat_cultural_de_Vallvidrera_22_abril.jpg","contentUrl":"https://entrepueblos.org/wp-content/uploads/2026/04/Mercat_cultural_de_Vallvidrera_22_abril.jpg","width":904,"height":1280},{"@type":"BreadcrumbList","@id":"https://entrepueblos.org/ca/agenda/presentacio-de-la-proposta-de-la-seguretat-social-de-lalimentacio-mercat-cultural-de-vallvidrera/#breadcrumb","itemListElement":[{"@type":"ListItem","position":1,"name":"Portada","item":"https://entrepueblos.org/ca/"},{"@type":"ListItem","position":2,"name":"Presentació de la proposta de la Seguretat Social de l&#8217;Alimentació (Mercat Cultural de Vallvidrera)"}]},{"@type":"WebSite","@id":"https://entrepueblos.org/ca/#website","url":"https://entrepueblos.org/ca/","name":"Entrepobles","description":"","publisher":{"@id":"https://entrepueblos.org/ca/#organization"},"potentialAction":[{"@type":"SearchAction","target":{"@type":"EntryPoint","urlTemplate":"https://entrepueblos.org/ca/?s={search_term_string}"},"query-input":{"@type":"PropertyValueSpecification","valueRequired":true,"valueName":"search_term_string"}}],"inLanguage":"ca"},{"@type":"Organization","@id":"https://entrepueblos.org/ca/#organization","name":"Entrepobles","url":"https://entrepueblos.org/ca/","logo":{"@type":"ImageObject","inLanguage":"ca","@id":"https://entrepueblos.org/ca/#/schema/logo/image/","url":"https://entrepueblos.org/wp-content/uploads/2025/01/cropped-Group-14-2.png","contentUrl":"https://entrepueblos.org/wp-content/uploads/2025/01/cropped-Group-14-2.png","width":109,"height":80,"caption":"Entrepobles"},"image":{"@id":"https://entrepueblos.org/ca/#/schema/logo/image/"}}]}</script>
<!-- / Yoast SEO plugin. -->

Presentació de la proposta de la Seguretat Social de l'Alimentació (Mercat Cultural de Vallvidrera) - Entrepobles

Els últims mesos comencem a sentir parlar de la necessitat d’activar sistemes alimentaris públics. Per reflexionar-hi, en aquest seminari web ens aproparem a la realitat...
