
	{"id":48599,"date":"2025-11-04T11:18:12","date_gmt":"2025-11-04T10:18:12","guid":{"rendered":"https:\/\/entrepueblos.org\/agenda\/conversaciones-sobre-etica-politica-politica-y-democracia-alicante\/"},"modified":"2026-03-13T13:01:32","modified_gmt":"2026-03-13T12:01:32","slug":"conversaciones-sobre-etica-politica-politica-y-democracia-alicante","status":"publish","type":"agenda","link":"https:\/\/entrepueblos.org\/ca\/agenda\/conversaciones-sobre-etica-politica-politica-y-democracia-alicante\/","title":{"rendered":"Conversaciones sobre \u00c9tica, Pol\u00edtica, Periodismo y Democracia con Joan Bordera"},"content":{"rendered":"\n<p>Dentro de la <strong>Gira &#8220;Cuerpos, territorios y derechos en disputa. Resistencias colectivas en Per\u00fa&#8221;<\/strong> os invitamos al conversatorio sobre &#8220;\u00c9tica, Pol\u00edtica, Periodismo y Democracia. Crisis de civilizaci\u00f3n. Del cambio clim\u00e1tico al genocidio en Palestina&#8221; dentro del Seminario Permanente Kapuscinski de Periodismo y Derechos Humanos. Con la ponencia de <strong>Joan Bordera<\/strong>, periodista, activista y diputado independiente por Comprom\u00eds en les Corts.<\/p>\n\n\n\n<p><strong>Viernes 14 de noviembre<br>11.15h<br>Aula Ram\u00f3n Lobo, Edificio Atzavares<\/strong> (Facultat de Periodisme de la UMH d&#8217;Elx)<br><br>Organizan: Entrepueblos, Universitas Miguel Hern\u00e1ndez, Perif\u00e8ries.<br>Con el apoyo: Generalitat Valenciana <br><\/p>\n\n\n\n<figure class=\"wp-block-image size-large\"><img loading=\"lazy\" decoding=\"async\" width=\"1024\" height=\"576\" src=\"https:\/\/entrepueblos.org\/wp-content\/uploads\/2025\/11\/Seminario-Kapu-Joan-Bordera_14-noviembre-1024x576.jpg\" alt=\"\" class=\"wp-image-48596\" srcset=\"https:\/\/entrepueblos.org\/wp-content\/uploads\/2025\/11\/Seminario-Kapu-Joan-Bordera_14-noviembre-1024x576.jpg 1024w, https:\/\/entrepueblos.org\/wp-content\/uploads\/2025\/11\/Seminario-Kapu-Joan-Bordera_14-noviembre-300x169.jpg 300w, https:\/\/entrepueblos.org\/wp-content\/uploads\/2025\/11\/Seminario-Kapu-Joan-Bordera_14-noviembre-768x432.jpg 768w, https:\/\/entrepueblos.org\/wp-content\/uploads\/2025\/11\/Seminario-Kapu-Joan-Bordera_14-noviembre-1536x864.jpg 1536w, https:\/\/entrepueblos.org\/wp-content\/uploads\/2025\/11\/Seminario-Kapu-Joan-Bordera_14-noviembre.jpg 1920w\" sizes=\"auto, (max-width: 1024px) 100vw, 1024px\" \/><\/figure>\n","protected":false},"featured_media":48597,"template":"","meta":{"_acf_changed":false},"tematiques":[571],"territori":[577],"class_list":["post-48599","agenda","type-agenda","status-publish","has-post-thumbnail","hentry","tematiques-defensores","territori-alacant-ca"],"acf":[],"yoast_head":"<!-- This site is optimized with the Yoast SEO plugin v25.4 - https:\/\/yoast.com\/wordpress\/plugins\/seo\/ -->\n<title>Conversaciones sobre \u00c9tica, Pol\u00edtica, Periodismo y Democracia con Joan Bordera - Entrepobles<\/title>\n<meta name=\"robots\" content=\"index, follow, max-snippet:-1, max-image-preview:large, max-video-preview:-1\" \/>\n<link rel=\"canonical\" href=\"https:\/\/entrepueblos.org\/ca\/agenda\/conversaciones-sobre-etica-politica-politica-y-democracia-alicante\/\" \/>\n<meta property=\"og:locale\" content=\"ca_ES\" \/>\n<meta property=\"og:type\" content=\"article\" \/>\n<meta property=\"og:title\" content=\"Conversaciones sobre \u00c9tica, Pol\u00edtica, Periodismo y Democracia con Joan Bordera - Entrepobles\" \/>\n<meta property=\"og:description\" content=\"Dentro de la Gira &#8220;Cuerpos, territorios y derechos en disputa. Resistencias colectivas en Per\u00fa&#8221; os invitamos al conversatorio sobre &#8220;\u00c9tica, Pol\u00edtica, Periodismo y Democracia. Crisis...\" \/>\n<meta property=\"og:url\" content=\"https:\/\/entrepueblos.org\/ca\/agenda\/conversaciones-sobre-etica-politica-politica-y-democracia-alicante\/\" \/>\n<meta property=\"og:site_name\" content=\"Entrepobles\" \/>\n<meta property=\"article:modified_time\" content=\"2026-03-13T12:01:32+00:00\" \/>\n<meta property=\"og:image\" content=\"https:\/\/entrepueblos.org\/wp-content\/uploads\/2025\/11\/Seminario-Kapu-Joan-Bordera_14-noviembre.jpg\" \/>\n\t<meta property=\"og:image:width\" content=\"1920\" \/>\n\t<meta property=\"og:image:height\" content=\"1080\" \/>\n\t<meta property=\"og:image:type\" content=\"image\/jpeg\" \/>\n<meta name=\"twitter:card\" content=\"summary_large_image\" \/>\n<meta name=\"twitter:label1\" content=\"Temps estimat de lectura\" \/>\n\t<meta name=\"twitter:data1\" content=\"1 minut\" \/>\n<script type=\"application\/ld+json\" class=\"yoast-schema-graph\">{\"@context\":\"https:\/\/schema.org\",\"@graph\":[{\"@type\":\"WebPage\",\"@id\":\"https:\/\/entrepueblos.org\/ca\/agenda\/conversaciones-sobre-etica-politica-politica-y-democracia-alicante\/\",\"url\":\"https:\/\/entrepueblos.org\/ca\/agenda\/conversaciones-sobre-etica-politica-politica-y-democracia-alicante\/\",\"name\":\"Conversaciones sobre \u00c9tica, Pol\u00edtica, Periodismo y Democracia con Joan Bordera - Entrepobles\",\"isPartOf\":{\"@id\":\"https:\/\/entrepueblos.org\/ca\/#website\"},\"primaryImageOfPage\":{\"@id\":\"https:\/\/entrepueblos.org\/ca\/agenda\/conversaciones-sobre-etica-politica-politica-y-democracia-alicante\/#primaryimage\"},\"image\":{\"@id\":\"https:\/\/entrepueblos.org\/ca\/agenda\/conversaciones-sobre-etica-politica-politica-y-democracia-alicante\/#primaryimage\"},\"thumbnailUrl\":\"https:\/\/entrepueblos.org\/wp-content\/uploads\/2025\/11\/Seminario-Kapu-Joan-Bordera_14-noviembre.jpg\",\"datePublished\":\"2025-11-04T10:18:12+00:00\",\"dateModified\":\"2026-03-13T12:01:32+00:00\",\"breadcrumb\":{\"@id\":\"https:\/\/entrepueblos.org\/ca\/agenda\/conversaciones-sobre-etica-politica-politica-y-democracia-alicante\/#breadcrumb\"},\"inLanguage\":\"ca\",\"potentialAction\":[{\"@type\":\"ReadAction\",\"target\":[\"https:\/\/entrepueblos.org\/ca\/agenda\/conversaciones-sobre-etica-politica-politica-y-democracia-alicante\/\"]}]},{\"@type\":\"ImageObject\",\"inLanguage\":\"ca\",\"@id\":\"https:\/\/entrepueblos.org\/ca\/agenda\/conversaciones-sobre-etica-politica-politica-y-democracia-alicante\/#primaryimage\",\"url\":\"https:\/\/entrepueblos.org\/wp-content\/uploads\/2025\/11\/Seminario-Kapu-Joan-Bordera_14-noviembre.jpg\",\"contentUrl\":\"https:\/\/entrepueblos.org\/wp-content\/uploads\/2025\/11\/Seminario-Kapu-Joan-Bordera_14-noviembre.jpg\",\"width\":1920,\"height\":1080},{\"@type\":\"BreadcrumbList\",\"@id\":\"https:\/\/entrepueblos.org\/ca\/agenda\/conversaciones-sobre-etica-politica-politica-y-democracia-alicante\/#breadcrumb\",\"itemListElement\":[{\"@type\":\"ListItem\",\"position\":1,\"name\":\"Portada\",\"item\":\"https:\/\/entrepueblos.org\/ca\/\"},{\"@type\":\"ListItem\",\"position\":2,\"name\":\"Conversaciones sobre \u00c9tica, Pol\u00edtica, Periodismo y Democracia con Joan Bordera\"}]},{\"@type\":\"WebSite\",\"@id\":\"https:\/\/entrepueblos.org\/ca\/#website\",\"url\":\"https:\/\/entrepueblos.org\/ca\/\",\"name\":\"Entrepobles\",\"description\":\"\",\"publisher\":{\"@id\":\"https:\/\/entrepueblos.org\/ca\/#organization\"},\"potentialAction\":[{\"@type\":\"SearchAction\",\"target\":{\"@type\":\"EntryPoint\",\"urlTemplate\":\"https:\/\/entrepueblos.org\/ca\/?s={search_term_string}\"},\"query-input\":{\"@type\":\"PropertyValueSpecification\",\"valueRequired\":true,\"valueName\":\"search_term_string\"}}],\"inLanguage\":\"ca\"},{\"@type\":\"Organization\",\"@id\":\"https:\/\/entrepueblos.org\/ca\/#organization\",\"name\":\"Entrepobles\",\"url\":\"https:\/\/entrepueblos.org\/ca\/\",\"logo\":{\"@type\":\"ImageObject\",\"inLanguage\":\"ca\",\"@id\":\"https:\/\/entrepueblos.org\/ca\/#\/schema\/logo\/image\/\",\"url\":\"https:\/\/entrepueblos.org\/wp-content\/uploads\/2025\/01\/cropped-Group-14-2.png\",\"contentUrl\":\"https:\/\/entrepueblos.org\/wp-content\/uploads\/2025\/01\/cropped-Group-14-2.png\",\"width\":109,\"height\":80,\"caption\":\"Entrepobles\"},\"image\":{\"@id\":\"https:\/\/entrepueblos.org\/ca\/#\/schema\/logo\/image\/\"}}]}<\/script>\n<!-- \/ Yoast SEO plugin. -->","yoast_head_json":{"title":"Conversaciones sobre \u00c9tica, Pol\u00edtica, Periodismo y Democracia con Joan Bordera - Entrepobles","robots":{"index":"index","follow":"follow","max-snippet":"max-snippet:-1","max-image-preview":"max-image-preview:large","max-video-preview":"max-video-preview:-1"},"canonical":"https:\/\/entrepueblos.org\/ca\/agenda\/conversaciones-sobre-etica-politica-politica-y-democracia-alicante\/","og_locale":"ca_ES","og_type":"article","og_title":"Conversaciones sobre \u00c9tica, Pol\u00edtica, Periodismo y Democracia con Joan Bordera - Entrepobles","og_description":"Dentro de la Gira &#8220;Cuerpos, territorios y derechos en disputa. Resistencias colectivas en Per\u00fa&#8221; os invitamos al conversatorio sobre &#8220;\u00c9tica, Pol\u00edtica, Periodismo y Democracia. Crisis...","og_url":"https:\/\/entrepueblos.org\/ca\/agenda\/conversaciones-sobre-etica-politica-politica-y-democracia-alicante\/","og_site_name":"Entrepobles","article_modified_time":"2026-03-13T12:01:32+00:00","og_image":[{"width":1920,"height":1080,"url":"https:\/\/entrepueblos.org\/wp-content\/uploads\/2025\/11\/Seminario-Kapu-Joan-Bordera_14-noviembre.jpg","type":"image\/jpeg"}],"twitter_card":"summary_large_image","twitter_misc":{"Temps estimat de lectura":"1 minut"},"schema":{"@context":"https:\/\/schema.org","@graph":[{"@type":"WebPage","@id":"https:\/\/entrepueblos.org\/ca\/agenda\/conversaciones-sobre-etica-politica-politica-y-democracia-alicante\/","url":"https:\/\/entrepueblos.org\/ca\/agenda\/conversaciones-sobre-etica-politica-politica-y-democracia-alicante\/","name":"Conversaciones sobre \u00c9tica, Pol\u00edtica, Periodismo y Democracia con Joan Bordera - Entrepobles","isPartOf":{"@id":"https:\/\/entrepueblos.org\/ca\/#website"},"primaryImageOfPage":{"@id":"https:\/\/entrepueblos.org\/ca\/agenda\/conversaciones-sobre-etica-politica-politica-y-democracia-alicante\/#primaryimage"},"image":{"@id":"https:\/\/entrepueblos.org\/ca\/agenda\/conversaciones-sobre-etica-politica-politica-y-democracia-alicante\/#primaryimage"},"thumbnailUrl":"https:\/\/entrepueblos.org\/wp-content\/uploads\/2025\/11\/Seminario-Kapu-Joan-Bordera_14-noviembre.jpg","datePublished":"2025-11-04T10:18:12+00:00","dateModified":"2026-03-13T12:01:32+00:00","breadcrumb":{"@id":"https:\/\/entrepueblos.org\/ca\/agenda\/conversaciones-sobre-etica-politica-politica-y-democracia-alicante\/#breadcrumb"},"inLanguage":"ca","potentialAction":[{"@type":"ReadAction","target":["https:\/\/entrepueblos.org\/ca\/agenda\/conversaciones-sobre-etica-politica-politica-y-democracia-alicante\/"]}]},{"@type":"ImageObject","inLanguage":"ca","@id":"https:\/\/entrepueblos.org\/ca\/agenda\/conversaciones-sobre-etica-politica-politica-y-democracia-alicante\/#primaryimage","url":"https:\/\/entrepueblos.org\/wp-content\/uploads\/2025\/11\/Seminario-Kapu-Joan-Bordera_14-noviembre.jpg","contentUrl":"https:\/\/entrepueblos.org\/wp-content\/uploads\/2025\/11\/Seminario-Kapu-Joan-Bordera_14-noviembre.jpg","width":1920,"height":1080},{"@type":"BreadcrumbList","@id":"https:\/\/entrepueblos.org\/ca\/agenda\/conversaciones-sobre-etica-politica-politica-y-democracia-alicante\/#breadcrumb","itemListElement":[{"@type":"ListItem","position":1,"name":"Portada","item":"https:\/\/entrepueblos.org\/ca\/"},{"@type":"ListItem","position":2,"name":"Conversaciones sobre \u00c9tica, Pol\u00edtica, Periodismo y Democracia con Joan Bordera"}]},{"@type":"WebSite","@id":"https:\/\/entrepueblos.org\/ca\/#website","url":"https:\/\/entrepueblos.org\/ca\/","name":"Entrepobles","description":"","publisher":{"@id":"https:\/\/entrepueblos.org\/ca\/#organization"},"potentialAction":[{"@type":"SearchAction","target":{"@type":"EntryPoint","urlTemplate":"https:\/\/entrepueblos.org\/ca\/?s={search_term_string}"},"query-input":{"@type":"PropertyValueSpecification","valueRequired":true,"valueName":"search_term_string"}}],"inLanguage":"ca"},{"@type":"Organization","@id":"https:\/\/entrepueblos.org\/ca\/#organization","name":"Entrepobles","url":"https:\/\/entrepueblos.org\/ca\/","logo":{"@type":"ImageObject","inLanguage":"ca","@id":"https:\/\/entrepueblos.org\/ca\/#\/schema\/logo\/image\/","url":"https:\/\/entrepueblos.org\/wp-content\/uploads\/2025\/01\/cropped-Group-14-2.png","contentUrl":"https:\/\/entrepueblos.org\/wp-content\/uploads\/2025\/01\/cropped-Group-14-2.png","width":109,"height":80,"caption":"Entrepobles"},"image":{"@id":"https:\/\/entrepueblos.org\/ca\/#\/schema\/logo\/image\/"}}]}},"_links":{"self":[{"href":"https:\/\/entrepueblos.org\/ca\/wp-json\/wp\/v2\/agenda\/48599","targetHints":{"allow":["GET"]}}],"collection":[{"href":"https:\/\/entrepueblos.org\/ca\/wp-json\/wp\/v2\/agenda"}],"about":[{"href":"https:\/\/entrepueblos.org\/ca\/wp-json\/wp\/v2\/types\/agenda"}],"wp:featuredmedia":[{"embeddable":true,"href":"https:\/\/entrepueblos.org\/ca\/wp-json\/wp\/v2\/media\/48597"}],"wp:attachment":[{"href":"https:\/\/entrepueblos.org\/ca\/wp-json\/wp\/v2\/media?parent=48599"}],"wp:term":[{"taxonomy":"tematiques","embeddable":true,"href":"https:\/\/entrepueblos.org\/ca\/wp-json\/wp\/v2\/tematiques?post=48599"},{"taxonomy":"territori","embeddable":true,"href":"https:\/\/entrepueblos.org\/ca\/wp-json\/wp\/v2\/territori?post=48599"}],"curies":[{"name":"wp","href":"https:\/\/api.w.org\/{rel}","templated":true}]}}

Conversaciones sobre Ética, Política, Periodismo y Democracia con Joan Bordera

<p>Dentro de la <strong>Gira &#8220;Cuerpos, territorios y derechos en disputa. Resistencias colectivas en Perú&#8221;</strong> os invitamos al conversatorio sobre &#8220;Ética, Política, Periodismo y Democracia. Crisis de civilización. Del cambio climático al genocidio en Palestina&#8221; dentro del Seminario Permanente Kapuscinski de Periodismo y Derechos Humanos. Con la ponencia de <strong>Joan Bordera</strong>, periodista, activista y diputado independiente por Compromís en les Corts.</p>



<p><strong>Viernes 14 de noviembre<br>11.15h<br>Aula Ramón Lobo, Edificio Atzavares</strong> (Facultat de Periodisme de la UMH d&#8217;Elx)<br><br>Organizan: Entrepueblos, Universitas Miguel Hernández, Perifèries.<br>Con el apoyo: Generalitat Valenciana <br></p>



<figure class="wp-block-image size-large"><img loading="lazy" decoding="async" width="1024" height="576" src="https://entrepueblos.org/wp-content/uploads/2025/11/Seminario-Kapu-Joan-Bordera_14-noviembre-1024x576.jpg" alt="" class="wp-image-48596" srcset="https://entrepueblos.org/wp-content/uploads/2025/11/Seminario-Kapu-Joan-Bordera_14-noviembre-1024x576.jpg 1024w, https://entrepueblos.org/wp-content/uploads/2025/11/Seminario-Kapu-Joan-Bordera_14-noviembre-300x169.jpg 300w, https://entrepueblos.org/wp-content/uploads/2025/11/Seminario-Kapu-Joan-Bordera_14-noviembre-768x432.jpg 768w, https://entrepueblos.org/wp-content/uploads/2025/11/Seminario-Kapu-Joan-Bordera_14-noviembre-1536x864.jpg 1536w, https://entrepueblos.org/wp-content/uploads/2025/11/Seminario-Kapu-Joan-Bordera_14-noviembre.jpg 1920w" sizes="auto, (max-width: 1024px) 100vw, 1024px" /></figure>

<!-- This site is optimized with the Yoast SEO plugin v25.4 - https://yoast.com/wordpress/plugins/seo/ -->
<title>Conversaciones sobre Ética, Política, Periodismo y Democracia con Joan Bordera - Entrepobles</title>
<meta name="robots" content="index, follow, max-snippet:-1, max-image-preview:large, max-video-preview:-1" />
<link rel="canonical" href="https://entrepueblos.org/ca/agenda/conversaciones-sobre-etica-politica-politica-y-democracia-alicante/" />
<meta property="og:locale" content="ca_ES" />
<meta property="og:type" content="article" />
<meta property="og:title" content="Conversaciones sobre Ética, Política, Periodismo y Democracia con Joan Bordera - Entrepobles" />
<meta property="og:description" content="Dentro de la Gira &#8220;Cuerpos, territorios y derechos en disputa. Resistencias colectivas en Perú&#8221; os invitamos al conversatorio sobre &#8220;Ética, Política, Periodismo y Democracia. Crisis..." />
<meta property="og:url" content="https://entrepueblos.org/ca/agenda/conversaciones-sobre-etica-politica-politica-y-democracia-alicante/" />
<meta property="og:site_name" content="Entrepobles" />
<meta property="article:modified_time" content="2026-03-13T12:01:32+00:00" />
<meta property="og:image" content="https://entrepueblos.org/wp-content/uploads/2025/11/Seminario-Kapu-Joan-Bordera_14-noviembre.jpg" />
	<meta property="og:image:width" content="1920" />
	<meta property="og:image:height" content="1080" />
	<meta property="og:image:type" content="image/jpeg" />
<meta name="twitter:card" content="summary_large_image" />
<meta name="twitter:label1" content="Temps estimat de lectura" />
	<meta name="twitter:data1" content="1 minut" />
<script type="application/ld+json" class="yoast-schema-graph">{"@context":"https://schema.org","@graph":[{"@type":"WebPage","@id":"https://entrepueblos.org/ca/agenda/conversaciones-sobre-etica-politica-politica-y-democracia-alicante/","url":"https://entrepueblos.org/ca/agenda/conversaciones-sobre-etica-politica-politica-y-democracia-alicante/","name":"Conversaciones sobre Ética, Política, Periodismo y Democracia con Joan Bordera - Entrepobles","isPartOf":{"@id":"https://entrepueblos.org/ca/#website"},"primaryImageOfPage":{"@id":"https://entrepueblos.org/ca/agenda/conversaciones-sobre-etica-politica-politica-y-democracia-alicante/#primaryimage"},"image":{"@id":"https://entrepueblos.org/ca/agenda/conversaciones-sobre-etica-politica-politica-y-democracia-alicante/#primaryimage"},"thumbnailUrl":"https://entrepueblos.org/wp-content/uploads/2025/11/Seminario-Kapu-Joan-Bordera_14-noviembre.jpg","datePublished":"2025-11-04T10:18:12+00:00","dateModified":"2026-03-13T12:01:32+00:00","breadcrumb":{"@id":"https://entrepueblos.org/ca/agenda/conversaciones-sobre-etica-politica-politica-y-democracia-alicante/#breadcrumb"},"inLanguage":"ca","potentialAction":[{"@type":"ReadAction","target":["https://entrepueblos.org/ca/agenda/conversaciones-sobre-etica-politica-politica-y-democracia-alicante/"]}]},{"@type":"ImageObject","inLanguage":"ca","@id":"https://entrepueblos.org/ca/agenda/conversaciones-sobre-etica-politica-politica-y-democracia-alicante/#primaryimage","url":"https://entrepueblos.org/wp-content/uploads/2025/11/Seminario-Kapu-Joan-Bordera_14-noviembre.jpg","contentUrl":"https://entrepueblos.org/wp-content/uploads/2025/11/Seminario-Kapu-Joan-Bordera_14-noviembre.jpg","width":1920,"height":1080},{"@type":"BreadcrumbList","@id":"https://entrepueblos.org/ca/agenda/conversaciones-sobre-etica-politica-politica-y-democracia-alicante/#breadcrumb","itemListElement":[{"@type":"ListItem","position":1,"name":"Portada","item":"https://entrepueblos.org/ca/"},{"@type":"ListItem","position":2,"name":"Conversaciones sobre Ética, Política, Periodismo y Democracia con Joan Bordera"}]},{"@type":"WebSite","@id":"https://entrepueblos.org/ca/#website","url":"https://entrepueblos.org/ca/","name":"Entrepobles","description":"","publisher":{"@id":"https://entrepueblos.org/ca/#organization"},"potentialAction":[{"@type":"SearchAction","target":{"@type":"EntryPoint","urlTemplate":"https://entrepueblos.org/ca/?s={search_term_string}"},"query-input":{"@type":"PropertyValueSpecification","valueRequired":true,"valueName":"search_term_string"}}],"inLanguage":"ca"},{"@type":"Organization","@id":"https://entrepueblos.org/ca/#organization","name":"Entrepobles","url":"https://entrepueblos.org/ca/","logo":{"@type":"ImageObject","inLanguage":"ca","@id":"https://entrepueblos.org/ca/#/schema/logo/image/","url":"https://entrepueblos.org/wp-content/uploads/2025/01/cropped-Group-14-2.png","contentUrl":"https://entrepueblos.org/wp-content/uploads/2025/01/cropped-Group-14-2.png","width":109,"height":80,"caption":"Entrepobles"},"image":{"@id":"https://entrepueblos.org/ca/#/schema/logo/image/"}}]}</script>
<!-- / Yoast SEO plugin. -->

Conversaciones sobre Ética, Política, Periodismo y Democracia con Joan Bordera - Entrepobles

Dentro de la Gira &#8220;Cuerpos, territorios y derechos en disputa. Resistencias colectivas en Perú&#8221; os invitamos al conversatorio sobre &#8220;Ética, Política, Periodismo y Democracia. Crisis...
